s divided by r?
4
Suppose -3*w - w = 0. Suppose -k + 3 = -w. Suppose k*f = -12 + 45. What is the remainder when 32 is divided by f?
10
Suppose 12*s - 147 = 9*s. Let n(w) = 9*w - 3. Let o be n(6). Suppose 2*l - 5*l = -o. What is the remainder when s is divided by l?
15
Let x be (6/10)/((-4)/(-20)). Suppose -t - x*t = -204. What is the remainder when t is divided by 26?
25
Let v be 75 + -2 - 1 - 1. Suppose -r = -3*f + v, -5*r + 19 = 2*f - 0*r. Suppose -70 = -4*n + f. What is the remainder when n is divided by 12?
11
Let b(r) = 14*r**3 - 2*r**2 + 4*r - 3. What is the remainder when 25 is divided by b(1)?
12
Let a = 3 - 3. Suppose 0 = -5*y - 2*n + 79, a*n - 2 = -n. Suppose y = s + 2*s. Calculate the remainder when s is divided by 2.
1
Let t be (1/2)/(3/(-6)). Let q(m) = 8*m**2 - m - 1. Let y be q(t). Suppose 3*s - y - 7 = 0. Calculate the remainder when 13 is divided by s.
3
Let r = 11 - 5. Suppose -4*x = 9 + 15. Let f = x + 17. Calculate the remainder when f is divided by r.
5
Let w = 202 + -152. Calculate the remainder when 349 is divided by w.
49
Let z(n) = -n**3 - 13*n**2 - 13*n + 13. Calculate the remainder when 47 is divided by z(-12).
22
Suppose -2*p = 3*z - 31 - 21, 0 = 2*z - p - 23. Let i = 28 - z. What is the remainder when 38 is divided by i?
10
Let a(k) = -k**3 - k**2 + 2*k + 15. What is the remainder when 32 is divided by a(0)?
2
Suppose -3*y + 3*o + 322 = o, -216 = -2*y + 2*o. What is the remainder when y is divided by 28?
22
Suppose a + 27 = -2*a. What is the remainder when 58 is divided by (6/a)/(4/(-90))?
13
Suppose -2*i = -55 - 23. Calculate the remainder when i is divided by 14.
11
Let j(u) = 34*u**3 - 3*u**2 + 3*u - 3. Let a be j(2). Let b = a + -188. Calculate the remainder when b is divided by 19.
18
Let f = 22 - -1. What is the remainder when f is divided by 5?
3
Let b(z) = 6*z**2 - 3*z + 2. Let s be b(1). Suppose 2*d - 38 = -s*p, -4*d + 2*p + 66 = d. Calculate the remainder when 54 is divided by d.
12
Let d = 24 - -7. What is the remainder when d is divided by 11?
9
Let q(n) = n**3 - 7*n**2 + 6*n + 10. Suppose -2*p = 5*k - 3*k - 38, 2*k = 4*p + 32. What is the remainder when q(7) is divided by k?
16
Let m(d) = d**3 - 4*d**2 + 3*d + 1. Let c be m(3). Let o(l) = 13*l**3 - l**2 + 1. What is the remainder when 49 is divided by o(c)?
10
Let q = -88 - -116. Calculate the remainder when q is divided by 5.
3
Let l = 6 - -23. Calculate the remainder when l is divided by 6/(-4)*(-80)/12.
9
Let x(z) be the second derivative of -z**5/20 - z**4/12 + 2*z**3/3 + z**2 + 3*z. What is the remainder when 14 is divided by x(-3)?
6
Let n be (-29)/3*(-19 + 7). Suppose j - 5*z + 118 = 3*j, 2*j - n = -4*z. What is the remainder when j is divided by 14?
12
Let j = 31 - 11. What is the remainder when (-127)/(-2) - 10/j is divided by 16?
15
Let g(j) = -7*j + 5. Let b = 9 + -12. Calculate the remainder when 49 is divided by g(b).
23
Suppose -5*w - r - r + 61 = 0, 0 = -w + 2*r + 5. What is the remainder when 76 is divided by w?
10
Suppose -5*q + 59 = -6. Suppose -4*x - 32 = -4*t, -5*t + 2 = 5*x - 8. What is the remainder when q is divided by t?
3
Suppose 0 = 5*m + 38 - 153. Suppose u = -2*u. Suppose u = 5*t - 174 - 161. What is the remainder when t is divided by m?
21
Let h(c) = 5*c + 8*c + 5*c + 2 - 17*c. Calculate the remainder when 8 is divided by h(3).
3
Let l(f) = -3*f**3 - 6*f**2 + f - 5. Let x be l(-5). Suppose -6*o = -o - x. What is the remainder when o is divided by 11?
10
Suppose 8*p = 3*p + 230. What is the remainder when p is divided by 12?
10
Let k(m) = 2*m + 2. Let j be k(-3). Let p = -30 - -34. Calculate the remainder when p is divided by ((-8)/(-12))/(j/(-18)).
1
Suppose 12 = 5*f + 4*h - 27, 4*f - 4*h - 24 = 0. What is the remainder when 40 is divided by f?
5
Let l(g) = 6*g**2 + 4*g + 2. Let d be l(-2). Suppose -2*j = -6, -3*j - d = -i - 4*j. Calculate the remainder when 43 is divided by i.
13
Suppose 3*f - 10 = 5*f, 0 = -4*i - 5*f - 25. Suppose 0 = 2*v - 2*t, -3*v + 18 = 3*t - i*t. What is the remainder when 8 is divided by v?
2
Suppose 0 = -0*g - 8*g + 1272. Calculate the remainder when g is divided by 40.
39
Calculate the remainder when ((-688)/12)/((-14)/21) is divided by 4.
2
Let k = -19 - -7. Calculate the remainder when 23 is divided by (-4)/(2 + 28/k).
11
Suppose 4*x = x - 3*b, x - 3 = 2*b. Suppose -c = -x - 0. What is the remainder when 26 is divided by c*(-4)/2 + 11?
8
Let k(a) = -4*a**2 + 6*a. Let m(j) = 7*j**2 - 12*j + 1. Let y(v) = -11*k(v) - 6*m(v). Calculate the remainder when y(-5) is divided by 6.
2
Let p = 47 + -31. What is the remainder when 31 is divided by p?
15
Suppose 5*f - 36 = -3*l + 101, 5*l = 3*f - 89. Suppose 0 = -4*w + f + 96. Calculate the remainder when w is divided by 11.
9
Suppose 3*g - 8*g + 125 = -4*l, -4*g + l = -89. Calculate the remainder when 207 is divided by g.
18
Suppose 3*t - 2*r - 92 = 0, 4*t + 5*r + 132 = 8*t. Suppose o + 102 = 5*j, -3*j - 4*o + 24 = -t. Calculate the remainder when 38 is divided by j.
18
Let m(k) = 2*k**3 + 7*k**2 + 4*k - 3. Let u be m(-4). Let y = u - -57. Suppose -a + 0 = -8. Calculate the remainder when y is divided by a.
6
Suppose 3*k = 2*k + 8. Calculate the remainder when (k/4)/(-2)*-55 is divided by 19.
17
Suppose 0 = 4*t + 2*t - 1182. What is the remainder when t is divided by 40?
37
Let v be ((-4)/(-6))/(16/312). Suppose -3*t = -v - 113. Calculate the remainder when t is divided by 11.
9
Suppose -15*b = -20*b + 590. Calculate the remainder when b is divided by 12.
10
Let w be 4*((-21)/(-6) + -2). Let p be ((-63)/(-12))/(w/32). Suppose 4*o - 8 = p. Calculate the remainder when o is divided by 4.
1
Let c be (10/(-1))/(0 - 1). Calculate the remainder when 22 + (-3)/(3 - 2) is divided by (-2)/(-1) + -2 + c.
9
Suppose -26 = -4*c + 26. Calculate the remainder when c is divided by 8.
5
Calculate the remainder when 16 is divided by (-8)/(-3 + 2) - 2.
4
Let c be ((-1)/3)/(5/(-45)). Suppose -k = c - 11. Calculate the remainder when 13 is divided by k.
5
Calculate the remainder when -118*(-1 - 0) + 6 + -3 is divided by 41.
39
Let q(h) = h**3 + 3*h**2 - 3*h - 2. Let d = 5 - 8. What is the remainder when 17 + 1 - 3/(-3) is divided by q(d)?
5
Let c(o) = o**3 + o**2 + o + 32. Let m be 2 + 1/(-1) - -1. Suppose 0 = -4*h + 3*u + 44, m*u + 44 = 2*h + 2*h. Calculate the remainder when c(0) is divided by h.
10
Let o(s) = -12*s. Let b be o(1). Let z be 5/(-2)*b/15. Suppose -6*n - 236 = -5*y - z*n, 4*y + 2*n = 168. What is the remainder when y is divided by 15?
14
Let u(l) be the first derivative of -l**4/4 - 11*l**3/3 - 11*l**2/2 + 9*l - 1. What is the remainder when u(-10) is divided by 11?
8
Let w(y) = y**3 - 3*y + 6*y - 2 + 6*y**2 - 3. What is the remainder when w(-4) is divided by 6?
3
Suppose -3*h + 130 + 2 = 0. Let j(v) = 21*v**2 + 4*v - 2. What is the remainder when h is divided by j(1)?
21
Suppose 36 + 49 = 5*f. Suppose -18 - f = -5*k. Calculate the remainder when k is divided by 3.
1
Suppose 2*l = -4 - 2. Let x = l - -10. Let f(g) = g**3 - 10*g**2 + 8*g + 22. Calculate the remainder when f(9) is divided by x.
6
Suppose -50 - 15 = -5*k. What is the remainder when 36/(-24) - 206/(-4) is divided by k?
11
Suppose -21 = -4*f - 5. What is the remainder when 8 is divided by f?
0
Suppose 2*x - 3 = m, 0*m + 4*m - 40 = -5*x. Suppose -4*g = -2*a - 6*g + 32, -a = 2*g - 17. What is the remainder when a is divided by x?
3
Let s(g) = -g**3 - 8*g**2 - 11*g - 4. Let l be -8 + ((-2)/(-1))/2. Calculate the remainder when s(l) is divided by 13.
11
Suppose 4*x - 12 = x. What is the remainder when 13 is divided by 94/18 + x/(-18)?
3
Let b(x) = -x**3 + 9*x**2 - 5*x - 3. Calculate the remainder when b(8) is divided by 13.
8
Suppose 44 = 26*l - 22*l. Let v(g) = 19*g**2 - 2*g - 1. Calculate the remainder when v(-1) is divided by l.
9
Suppose o - 1281 = 5*h + 3*o, 5*h - o + 1272 = 0. Calculate the remainder when 37 is divided by h/(-20) - 1/(-4).
11
Let m be 3/2*(-32)/(-12). What is the remainder when 28 is divided by 45/(-6)*m/(-3)?
8
Suppose 4*q - q = -j + 42, -5*q = 5*j - 60. Calculate the remainder when 25 is divided by q.
10
Let u = -13 - -25. Let b(f) = f**2 + 4*f. Let v be b(-5). Suppose 233 = 5*o + 2*a, v*a - 200 = -3*o - o. Calculate the remainder when o is divided by u.
9
Let c = 5 - 1. Sup